 (83 - 20 - 29)) + (-1 + -1 - 101)?
-94
Evaluate 47 - 14 - (38 + -94 + 39).
50
Evaluate -40 + 24 - (0 + 7) - 11.
-34
Calculate -209 - -265 - (54 + -15).
17
What is the value of 23 + -3 + -67 + 4 - -15?
-28
6 + -12 + (-28 + 8 - -11 - (-127 + -2))
114
2 + ((-1 - 15) + -1 - (11751 + -11646))
-120
Calculate (53 - 37) + -44 + -5 + 0.
-33
Calculate 14 + -3 + 7 - (-33 + (-34 - 19)).
104
Evaluate -136 + 141 + (-3 - (1 + -10)) + 16 - 9.
18
What is the value of -98 - (118 - -30 - 269)?
23
Evaluate -97 - 1 - (218 - (31 + 182)).
-103
Calculate -343 + 323 + -2 + 2 + 14.
-6
Calculate (6 + (-10 - -21) - -41) + -14.
44
-28 + (21 - 4) - (-100 + 0 + (8 - 16))
97
What is the value of -76 - (-1 - 12 - (49 - (-32 - -85)))?
-67
What is -52 + 57 + (21 - 6 - 7 - -5)?
18
Evaluate (-54 - -17 - -12 - -12) + -111 + 17.
-107
-3 - 33 - (-86 - -66) - -22
6
Calculate (-14 - 5 - -82) + 18 - 0 - (2 - -6).
73
Calculate -30 - (452 + -438 - (2 - 20)).
-62
What is the value of 25 - -2 - ((50 - 183) + 82)?
78
What is -12 - ((-19 - 5) + 11 - -2 - 53)?
52
Calculate -7 + (12 - -2) - (-3 + 7 - (3 - 2)).
4
Evaluate 71 + (51 - (-64 - -142)).
44
Calculate 78 + -11 - (-46 + 89).
24
What is (-2 + 1 - -8 - -3) + (1136 - 1169)?
-23
Evaluate 21 - (8 + -29 - -37 - 32).
37
What is the value of ((1 - -78) + -14 - 12) + -7?
46
Calculate 15 + (685 - 744 - (-2 + 14)).
-56
2 + 7 + -12 + 15 + -16 + -34
-38
What is (-20 - -58) + 104 + -102?
40
-150 + (-6 - -122) + -24 + -1
-59
Evaluate 24 + ((27 - 63) + 21 - 63).
-54
What is 39 + 16 + 68 + -72?
51
What is the value of (-2 - -3) + -1 + (33 - 1 - 25)?
7
Calculate -4 + -3 - (-102 + 121 - (-22 - -2)).
-46
Calculate -33 - (-3 + -25 + -23).
18
Evaluate (-81 - 33) + 60 + 2 + -10.
-62
Calculate 5 + 21 + -73 + -7.
-54
Evaluate (14 - -10) + -23 - (3 - -7).
-9
Evaluate (-3271 - -3325) + (-3 - -4).
55
What is the value of -17 + (-5 - 11) + (79 - 21) + -8?
17
Calculate -8 - (15 + -2 + 81 + -85 + -17).
0
What is the value of (0 - 5) + (108 + -37 - 27)?
39
Calculate 2 + 0 + ((23 - (-15 + 12)) + -7 - 13).
8
Calculate 13 + ((4 - 1) + 4 - 11) - (-1 - 0).
10
Calculate (-74 - (-127 - -52)) + -13 + -12.
-24
Evaluate 35 + (12 - (-3 + 11 - (42 - 29) - -6)).
46
-42 + 59 + -14 - 18
-15
Evaluate -8 + 1 + (16 - 8 - -29) + -13.
17
What is (-5 - (0 + -1) - (78 - 9)) + (413 - 419)?
-79
Calculate (0 - -2 - (1 - 0) - 1) + (-307 - -306).
-1
Calculate -2 - -2 - -15 - (-206 + 409 + -208).
20
What is the value of -223 + 128 + 215 - 14?
106
What is the value of 77 - (23 - (3 - 28))?
29
(-2 - 4) + (-5 - (24 + (-3 - 19)))
-13
What is 7 - 3 - (-320 - -317) - 8?
-1
What is the value of 21 + (33 - 9 - 51)?
-6
Evaluate (2 - -10) + -22 + 9 + -85.
-86
(11 - 0 - 12) + (14 - 16) + -11
-14
-46 + 0 + -1 + (561 - (262 + 298))
-46
Calculate (0 - 41) + (-125 + 235 - 88).
-19
(-6 - -2) + 3 + 73 - (1599 - 1585)
58
Evaluate (-42 - -123) + -226 - -48.
-97
-4 - (21 - (-67 - (13 + -21 + 30)))
-114
Evaluate -93 + 65 + -11 + 8.
-31
What is 84 - (67 + -46 + 13)?
50
What is the value of (1 - (13 - 12)) + (-6 - -30) + 5?
29
What is the value of 7 + (-15 - (-11 + -8)) + (33 - -4)?
48
What is the value of -2 + -1 + -44 - (-41 - (-56 + 10))?
-52
Evaluate -6328 + 6306 + (141 - (-1 + 4 + -4)).
120
What is the value of -54 + (89 - -30) + -27 + -2?
36
Calculate (3 + -51 - -1) + (7 - (2 - -4 - -4)).
-50
What is (72 - (-36 - -2)) + -53?
53
-73 + -2 + -44 + 31 + -3
-91
Evaluate -26 + (5 - (-41 - -3)).
17
What is (0 - 1 - -8) + (-1 - -1) + (-376 - -355)?
-14
(19 + 13 - 18) + (-13 - -3) - -34
38
What is 11 + -33 + 25 + -9 - -32?
26
Calculate 142 - (220 - (-33 + -27)).
-138
Evaluate -4 + 5 + (-12 + 1 - 21).
-31
Evaluate (-2 - 48) + (-473 - -258 - -257).
-8
What is -28 + -6 + -6 + 18?
-22
Calculate -15 - ((5 - -3) + (-57 - (-18 - -6))).
22
-21 - (15 - (96 + -51))
9
Calculate 46 - (68 + (47 - 106)).
37
Evaluate -81 + 79 - (2 - 4 - 8 - -3).
5
What is -50 + (-21 - 44 - -56)?
-59
What is 13 - (33 - 18) - (-1 - -1) - (19 + -8)?
-13
What is -286 + 262 - ((5 - 2) + -7)?
-20
Evaluate (-4 + -14 - 0) + 94 + -90 + 2 + -5.
-17
What is the value of -24 + (-22 - -86) + -108?
-68
(-34 - (-67 + 40)) + 0
-7
Evaluate -3 - (-11 + -10 + 9 + 0 - 6).
15
What is 23 + -7 - (2 + 8 - (-137 - (6 - 0)))?
-137
(2 - (-1 - -59)) + 6165 + -6157
-48
Calculate 85 - (3 - -45) - 108 - 35.
-106
(-4 - (-1 - -8)) + (56 - 60)
-15
-935 - -930 - (-2 + 5 + -107 + 0)
99
Evaluate 370 + -434 + 86 + -16.
6
Calculate (0 + 1 - (-7 - (3 + -16))) + -83 + 124.
36
What is -3 + (-23 - -42 - 30) + -6?
-20
(2 - 4) + (-13 - (-3 + -12)) - 17
-17
What is (-17 - (32 - 18) - -69) + -127?
-89
What is the value of 26 + 25 + (-55 - -1) - -15?
12
Calculate -67 + 3 + (-10 - ((-26 - -1) + 12)).
-61
What is the value of -3 + -123 - (-312 - -231)?
-45
Calculate (-10 + 5 - -17) + 9 + (-6 - -14) + -14.
15
What is 2 + 107 + 0 + 3 + 8 + 18?
138
(34 - ((115 - 0) + 1)) + -21
-103
Calculate -32 + 20 + -13 - -100 - (-8 + -7).
90
What is (-7 - (3 - 2) - (-27 - (28 - 55))) + 41?
33
What is the value of 6 + (7 + 104 - (3 - 8)) - 11?
111
What is (21 - (-13 + 19) - 24) + 48?
39
-61 + (83 - (154 + -88))
-44
135 + -3 + 124 + -76 + -89
91
What is the value of 10 + 5 - 96 - (0 + 29)?
-110
-40 - -14 - (-92 + -2) - (-1 - 1 - -17)
53
What is 44 - (-83 - (74 - 128))?
73
Calculate 24 - -1 - 11 - (2 - -2).
10
Calculate -117 + 94 + 23 - (-1 - 35).
36
Calculate 44 - (-13 - -40 - -16).
1
Evaluate 31 + 3 - ((-9 - -148) + -117).
12
Calculate 32 + -47 - 37 - -60.
8
Calculate -59 + -52 - (8 - 62).
-57
Evaluate 30 + -112 + 1 + (142 - 127).
-66
Evaluate 3 + (15 - 3) + -1151 + 1158.
22
-20 + (-18 - 1) - -86
47
Calculate 7 - -20 - -1 - (0 - -3).
25
What is the value of -8 - -72 - (-16 + 13) - 9?
58
What is 34 + -16 + (-52 - -82)?
48
Evaluate 37 - (18 + (52 - 57)).
24
Calculate 161 - (15 + 34 - (73 - 52)).
133
Calculate -48 + (23 - 2) - (-31 - 2).
6
What is -24 + 24 - 35 - 27?
-62
Calculate -124 + 126 - (5 - (-5 - 1 - 34 - -4)).
-39
What is the value of 5 - (3 + -27 + -95) - (3 + 17)?
104
What is 17 - (-75 + (9 - 1) + -2)?
86
Evaluate -7927 + 7936 + (-2 + 1 - (1 + -4)) + -26.
-15
Calculate 14 - ((104 - -3) + 1 - (5 - (71 - 65))).
-95
Evaluate 2192 + -2151 + (1 - (2 + -1)) + -14.
27
41 + (74 - 123) - -27
19
-65 - -55 - (15 - 7 - 16)
-2
What is 86 + -80 + (1 - -5)?
12
Evaluate 27 - ((0 - 15) + 110 + -96 - -12).
16
5 + (-61 - (-8 - (-10 + 10 + -7))) + -10
-65
What is the value of (5 - 4) + (2 - -114) - (-485 + 483)?
119
What is 24 - -46 - (2 + 21)?
47
What is the value of 4 + 0 + 2 + -1051 + 1043?
-2
182 - 181 - (206 + -244 - (5 + (0 - 2)))
42
Evaluate (-53 - (-57 - -33)) + 1 + (1 - -6).
-21
Evaluate -14 - (-15 + (10 - -3) + -1 - -11 - 9).
-13
What is (-20 - (20 + -20 - (0 + 12)) - 3) + 9?
-2
Calculate 6 + -1 + 258 + -258 + (1 - (-50 - 0)).
56
What is (9 - (-8 - -18)) + 7 + -5 + -9 + 8?
0
(-5 - -13) + -14 + -17 + 54
31
Evaluate -1 + (9 - -2 - 5 - 2).
3
(-19 - -40) + (0 - -4) + -83
-58
-5 - -3 - (-10 + (-6 - (6 - 5 - 4)))
11
What is the value of 10 + -1 + -2 + 19 + -15 + -47?
-36
Evaluate 47 + (-11 - (-28 + 12 + 18)).
34
-45 + 2 - (536 - 567)
-12
What is the value of (55 - 88 - -81) + (3 - 20)?
31
Evaluate 62 + (-22 - 30) + 1 + 2.
13
Evaluate 74 - (62 - -20) - (-23 - 12).
27
What is 7 - 1 - (-39 - (0 + 9 - 92))?
-38
Evaluate -69 + 28 + -34 + 15 - (3 + (-1 - -1)).
-63
-30 + 67 + -37 - (-1 - -20)
-19
What is (-1 - (12 - (6 + 6)) - -14) + 3 + -7?
9
(5630 - 5637) + 0 + 37
30
(-4 - -2) + (53 - 74) + 127
104
Evaluate (52 - 33) + -51 + 20.
-12
Evaluate (7 - (-6 - 3)) + (-8 - -1 - 7).
2
Calculate -653 - -691 - (1 - 1 - -3 - 6).
41
Evaluate 39 + (-6 - -2) + (-138 - -148).
45
-14 - -8 - -16 - (87 - (-11 - -10))
-78
What is the value of 36 + 52 - (-50 + 7 - 4)?
135
Evaluate -52 + (34 - -2) + (-46 - -21).
-41
Calculate 39 + (-628 - -517 - (-1 - -17)).
-88
Calculate 81 - (10 - (-20 - (14 - 21))).
58
What is (-77 - -3) + -205 + 214?
-65
What is the value of 15 + (-76 - -67 - (4 + 2)) - 53?
-53
What is the value of 0 - ((-1 - 1) + 1) - (-5 - -1)?
5
Calculate 1 + -8 + (-14 - (-30 + 22) - -32) + 13.
32
What is 4 - ((11 - 0) + -127 + 131)?
-11
Calculate 28 + -22 + (4 + 5 + -10 - 10).
-5
Evaluate 12 - (-12 + -1 + 20) - 4 - -25.
26
-31 + 40 + -14 - -57
52
(-1 - 6) + -14 + -7 + -21 + -9
-58
Calculate (-11 - (-15 + 10 - -10)) + 5 - 8.
-19
Calculate (